se -3*r = 0, 3*v + 4*r = -v - 40. Let m(h) = 126*h - 13 - 414*h + 143*h + 144*h. Calculate m(v).
-3
Let b be 0*((-16)/8*2 - (-3)/1). Let z(n) be the third derivative of 0 + b*n - 1/120*n**6 + n**2 + 5/3*n**3 - 1/12*n**4 + 2/15*n**5. What is z(8)?
-6
Suppose 0 = 48*m - 49*m + 3*d - 53, 3*d + 5 = -m. Let l(w) = -36*w - 1041. Calculate l(m).
3
Let a be 2 - (-3 + 3) - 6. Let o(x) = -5*x**2 + 8*x + 8. Let j(m) = -4*m**2 + 6*m + 6. Let r(l) = a*j(l) + 3*o(l). What is r(-3)?
9
Suppose -154 = -18*l + 20*l. Let i = l + 76. Let n(o) = 17*o. Calculate n(i).
-17
Let a(v) be the first derivative of 2*v**2 - 837. Let y be (-5)/(-6) + (-1)/(-6). Give a(y).
4
Let p(j) = -3*j - j**2 + 5 + 10*j**2 - 1 + j**3 - 7*j. Let h be (21 - 1)*1*33/(-264)*4. What is p(h)?
4
Let w(p) = 4*p**2 + p. Let h = 855 - 843. Let z be 42/(-12)*h/21. What is w(z)?
14
Let v(s) = 12*s**2 + s - 2. Suppose -939*o + 947*o = 24. Suppose w - 1 = -2*t, -t - 2*w = 4*t - o. Calculate v(t).
11
Let z(i) be the third derivative of -i**4/6 + 11*i**3/6 + 3760*i**2. Calculate z(-7).
39
Let t(s) = s**3 + 6*s**2 + 6. Let w be t(-6). Suppose 0 = -r + k - w*k + 16, -4*r = -k - 1. Let n(d) = r - 7*d + d + 7*d - 6. Determine n(-6).
-11
Let g(j) be the third derivative of -j**5/60 - 7*j**4/24 - 15*j**3/2 - 7*j**2 + 5. Let p(q) be the first derivative of g(q). Give p(-7).
7
Let q(k) = 11*k + 3. Suppose 0 = -244*s + 300*s - 392. What is q(s)?
80
Let y(v) be the second derivative of v**5/120 + v**4/3 - v**3/3 - 45*v. Let c(w) be the second derivative of y(w). Determine c(6).
14
Suppose 4*d - 1 + 9 = 0, 2*v = 3*d + 12. Let s(k) = 28*k**2 - 7. Let n(f) = -15*f**2 + 4. Let g(y) = v*s(y) + 5*n(y). What is g(1)?
8
Let h(k) be the third derivative of k**6/8 + k**5/60 + k**4/12 + k**3/6 + 33*k**2 + 398. Suppose -4*u - 3 = -u. Calculate h(u).
-15
Let x(y) = y - 18. Let f be 20/90 + 3262/(-18). Let s = -169 - f. Give x(s).
-6
Let p(c) = -126*c - 34. Let j(g) = 7*g + 3. Let u(l) = -57*j(l) - 3*p(l). Calculate u(-3).
-6
Let b(h) = h. Suppose 0 = -10*o + 30 + 10. Let g be -33*(-4 + (o - (-2)/6)). Determine b(g).
-11
Let h = -17238 + 17237. Let l(d) = -16*d**3 - 5*d - 5. Give l(h).
16
Let i(g) = -g**2 + 4*g + 24. Let d be i(6). Let q = d + -19. Let m(h) = -4*h + 2. Calculate m(q).
30
Suppose 29*i - 713 = 10*i - 599. Suppose 3*j - 3 = x, 0*x - 4*j = x - 11. Let l(s) = -s - s + x*s - 14. What is l(i)?
-8
Let m(o) = -o**2 + o + 52. Let x(k) = -k**2 + 162*k + 671. Let r be x(-4). Calculate m(r).
10
Let u(s) = -s**2 + 5*s - 3. Let j = 46 + 4. Let z be (j/3)/((-40)/(-60)). Suppose o + o = t + 7, 5*o - z = 0. What is u(t)?
3
Let m(o) = -o - 20. Let p = -194 + -60. Let v = p - -245. Calculate m(v).
-11
Let d(x) = 2*x**3 + 5*x**2 - 8*x - 8. Let z(l) = l**3 - 2*l + 1. Let a(u) = d(u) - 3*z(u). Give a(4).
-3
Let v(d) be the second derivative of -d**4/6 + d**3/2 - 3*d**2/2 + 93*d. Suppose j = 8*j - 21. Determine v(j).
-12
Let w(h) = -2*h - 41. Let n = 471 + -467. Suppose -6*o + n = -7*o, -5*k = -3*o + 73. Determine w(k).
-7
Let m(k) = 2. Let t be 24/84*-2*(1 + -8). Let h(n) = -3*n + 7. Let u(f) = t*m(f) - h(f). What is u(1)?
4
Let k(g) be the third derivative of -g**5/60 + g**4/24 + 49*g**3/6 + 133*g**2. Let x be k(8). Let d(h) = h**3 + 7*h**2 + h - 9. What is d(x)?
-16
Let m(r) = -7*r**2 - 20*r - 9. Let b(c) = 5*c**2 + 19*c + 8. Let t(a) = -3*b(a) - 2*m(a). Determine t(-11).
60
Let y be (-8)/(-36) + 22/(-18). Let g be (80/48)/(y/(-3)). Suppose 4*k + g*z - 14 = 25, 0 = -3*k - 5*z + 33. Let b(u) = u - 1. What is b(k)?
5
Let v(p) be the third derivative of 1/120*p**6 - 11/24*p**4 + 0*p + 29*p**2 - 2/15*p**5 + 0 + 2*p**3. Let t be 5/45 - (-160)/18. Calculate v(t).
-6
Let v = -2542 + 2540. Let n(o) = -2*o**3 + o**2 - 4*o - 2. Calculate n(v).
26
Let l(j) = j - 8. Let v(p) = p**3 - 12*p**2 - 29*p + 14. Let z be v(14). Suppose -24 = -4*x - z. Give l(x).
-2
Let l = -8954 - -8959. Let m(p) = 2*p**2 - 2*p + 2. Calculate m(l).
42
Let a(w) be the second derivative of -w**5/20 - w**4/3 + w**3/6 + 3*w**2/2 - 666*w - 2. Determine a(-4).
-1
Let u(q) = 4*q + 42 - 67 + 0*q - 2 - 7*q. What is u(-4)?
-15
Let p(y) = 59*y - 1064. Let k be p(18). Let o(f) = 2*f**3 + 3*f**2 + 6*f + 12. Give o(k).
-4
Let b = 102/311 - -107/622. Let i(d) be the first derivative of d + 20 - b*d**2. Calculate i(1).
0
Let r(h) = -h**2 - 5*h + 5. Let m be ((-4)/(395/80 + -5))/2. Let l be m/(-6) + (-102)/153. Give r(l).
-1
Let p be (10/(100/(-5)))/((-2)/20). Let b(a) = -3*a**2 + 14*a + 2. Let v(d) = -5*d**2 + 21*d + 3. Let f(r) = p*v(r) - 8*b(r). Calculate f(-4).
11
Let f(b) = 10*b - b**2 + 7 - 7 - 8*b. Let w be f(2). Let g(u) = -4 - 2*u + w*u + 3*u + 0*u. What is g(6)?
2
Let x = 411 - 398. Let t(s) = 0*s - s - 16 + 3*s - s**2 - 6 + x. Determine t(7).
-44
Let i(w) = 2*w**2 + 140 - 72 - 73 - w + 4*w. Let v = -301 - -303. Calculate i(v).
9
Let v(u) = u. Suppose 3 = 5*j - 17. Suppose 11*n - j = 10*n. Suppose 5*f - 6*b = -2*b + 31, n*f - 3*b = 25. Calculate v(f).
7
Let v(s) be the third derivative of -s**4/24 - 3*s**3/2 - s**2. Let g be (-1836)/1530*10/(-3) - 4. Give v(g).
-9
Let c(k) = 4*k**2 - k. Let z be c(-1). Let n be 4*1*(-29)/(-58). Let t(h) = -4*h**2 - 14 + 3*h**3 - n*h**3 + 0*h - 4*h + 17. Calculate t(z).
8
Suppose 2*x - 32 = h + 2*h, -3*h = x + 20. Suppose -q = 4, -5*b - 2*q - 2 + 19 = 0. Let r(a) = 5*a - 11*a + b*a. Give r(h).
8
Let t(u) = -u**2 + 2*u. Let n = 53 + -14. Suppose -5*s + 236 = -n. Suppose -s*d + 59*d - 8 = 0. Give t(d).
0
Let o = -136 - -119. Let d(p) = 7*p**2 + 5*p - 10. Let a(x) = -20*x**2 - 15*x + 28. Let c(j) = o*d(j) - 6*a(j). Determine c(-4).
-2
Suppose 0*o - 12 = 3*o, 3*o = 4*h - 184. Let w = -44 + h. Let p be ((-4)/(-12))/(w + 16/12). Let m(a) = 8*a + 1. Determine m(p).
9
Let m = 23 - -14. Let p(g) = -46*g + 83*g - g**2 + 3 - m*g. Determine p(-5).
-22
Let u(x) = x**3 - 5*x**2 - 32*x - 26. Let b be u(-1). Let a(d) = 9*d**2 - 4*d + 13. Give a(b).
13
Let g(f) = -f**2 - 6*f - 3. Let y be g(-6). Let z(b) be the second derivative of b**3 + 2*b**2 + 1498*b + 1. Give z(y).
-14
Let g be (10/(-4) + 2)*(62 + -54). Let j(z) = z**2 - 4*z - 2. What is j(g)?
30
Let l = 506 + -498. Let t(u) = 9 + l*u - 10*u**3 + 18*u**3 - 9*u**3 - 6*u**2. Let j(k) = -8*k**2 + k. Let h be j(1). Calculate t(h).
2
Let m(g) be the first derivative of -22 - 3*g + 1/2*g**2. Calculate m(-2).
-5
Let m(y) = -y**3 - 17*y**2 - 14*y + 25. Let j(v) = -v**2 - 93*v + 7922. Let w be j(-147). What is m(w)?
-7
Suppose -6*k + 243 = 3*k. Suppose -10*l - 274 = -74. Let m = l + k. Let y(r) = -r**3 + 7*r**2 + 7. Determine y(m).
7
Let d(w) = -4*w**2 - 17*w + 5. Let t(y) = -12*y**3 - 135*y**2 - 36*y - 37. Let g be t(-11). Determine d(g).
9
Let b = 7 - 7. Suppose -5*h + 8 - 88 = b. Let d be 11/4 + -3 + (-52)/h. Let k(g) = -g**2 + 4*g - 2. Calculate k(d).
1
Suppose -15*u - 3900 = -3*u. Let q = u + 317. Let v(j) = j**2 + 9*j - 1. Calculate v(q).
-9
Let c be (-5 - (-98)/(-14)) + -2 + -1 + 0. Let v(u) = 4*u + 31. Give v(c).
-29
Let i(z) = z**3 + 4*z**2 - 3*z + 4. Let u be (85/(-25))/((-1)/5). Let x be u/((-51)/90)*-1. Suppose 3*t - x = 9*t. Give i(t).
-6
Let w(b) be the second derivative of b**4/6 - 4*b**3/3 - 13*b**2/2 + 3765*b - 2. Determine w(0).
-13
Let r(l) = l**3 - 18*l**2 + 13*l - 1. Let p be 300/(-20) + 12 + 20. Give r(p).
-69
Suppose 5*v + 8*v = 8*v - 10. Let c(m) = -8*m - 20. Determine c(v).
-4
Let x(q) be the third derivative of -q**4/12 - 5*q**3/2 + 5*q**2 - 125. Determine x(-10).
5
Let y(k) = 45*k**2 - 1530*k - 7. Let n be y(34). Let a(z) be the third derivative of z**6/120 + 7*z**5/60 + z**4/12 + z**3 + z**2. Calculate a(n).
-8
Let g(s) = s**3 + s**2 + s. Let b(o) = 6*o**3 + 20*o**2 + 18*o - 3. Let y(p) = b(p) - 5*g(p). Let a be y(-14). Let u(z) = -z**3 + 12*z**2 - 12*z + 8. Give u(a).
-3
Let y(r) be the second derivative of -1/720*r**6 + 0 + 0*r**2 - 1/120*r**5 + 17*r - 1/3*r**4 + 0*r**3. Let l(v) be the third derivative of y(v). Give l(-5).
4
Suppose 2*t - 6*t + 216 = 0. Let q = t - 19. Let r(m) = -70 - m + q + 36. Determine r(1).
0
Let q(p) be the third derivative of -p**6/90 + p**5/60 - 5*p**4/3 - 76*p**2 - 2. Let g(i) be the second derivative of q(i). Determine g(-3).
26
Let s(r) = -r**2 - 5*r - 20. Let b(q) = -q**2 - 7*q - 18. Suppose 23*c - 16*c + 35 = 0. Let g(h) = c*b(h) + 4*s(h). Give 